Let i be (-1*0/(-2))/(-1). Suppose -3*m - 107 + 944 = i. What is the units digit of m?
9
Let q(i) = -34*i**3 + 1. Let u be q(-1). Suppose 4*h = -0*h - p - u, 5*p + 7 = h. What is the units digit of h/1*(-136)/32?
4
Suppose -27*h = -14*h - 34684. What is the units digit of h?
8
Let o(d) = d**3 - 16*d**2 + 43*d - 60. Let n be o(13). Let c(h) = 9*h**2 + 14*h + 123. What is the units digit of c(n)?
7
Let w(d) be the second derivative of -d**4/12 + 11*d**3/6 - 6*d**2 - 60*d. What is the tens digit of w(8)?
1
Let n = 1775 + -2563. Let q = -229 - n. What is the hundreds digit of q?
5
Suppose 26 = 4*v - 3*i, v + 3*v - 16 = -2*i. Suppose 0 = 3*c - f - 919, -v*f = 12*c - 9*c - 913. What is the tens digit of c?
0
Suppose -7*n + 22*n = 91071 + 489. What is the tens digit of n?
0
Let g = -4327 - -6604. Suppose 5*n - g = 2323. What is the tens digit of (n/100)/(2/10)?
4
Let m(s) be the third derivative of 2*s**4/3 + 15*s**3 - 2*s**2. Let r(j) = -3*j - 18. Let o(l) = -2*m(l) - 11*r(l). What is the tens digit of o(16)?
3
Let x(f) = 21*f - 6. Let z be x(1). Suppose -21*j = -z*j + 288. Let y = j + 101. What is the units digit of y?
3
Suppose 0 = 3*a - 2*r, -2*r + 4*r - 12 = -3*a. What is the tens digit of ((-20)/a)/((-8)/40)?
5
Let j(o) = 11*o - 29. Suppose 0 = -3*x + 6, -l - 2*l + 5*x - 208 = 0. Let h be l/11*(-3 - -2). What is the units digit of j(h)?
7
Let k = 25855 - -12764. What is the hundreds digit of k?
6
Let p be 8 + (-5)/5 - (-2 + 2). Suppose 0 = -0*g - p*g + 70. Suppose 6*d + g = 8*d. What is the units digit of d?
5
What is the units digit of (-66844)/(-22) - 436/1199?
8
Suppose -4*z + 2123 = -v, z + v = 5*v + 512. Let k = -256 + z. What is the tens digit of k?
7
Suppose 0 = 2*c - 4*u + 240, 5*u + 74 = -c - 46. Let a = c - -164. What is the units digit of a?
4
Suppose -5*o + u = -u - 421, -2*o + 3*u + 175 = 0. Let a = o - 312. Let v = a + 338. What is the units digit of v?
9
Suppose -3*s - c = 3*c - 355, 0 = -3*s - 5*c + 356. Suppose 9*l - 3348 = s. What is the tens digit of l?
8
Suppose x = -2*s - 0*s + 17, 5*x - 33 = 3*s. Suppose x*v = -732 + 2433. What is the hundreds digit of v?
1
Suppose 3*z + 25*i - 25 = 29*i, -2*i - 23 = -5*z. Suppose 2010 = z*f - 3*l, 6*f - 2006 = 3*f + 5*l. What is the hundreds digit of f?
6
Suppose 182*x - 7210 = 177*x. What is the units digit of 4 - (1 + x/(-7))?
9
Let w = -46993 + 70154. What is the ten thousands digit of w?
2
Suppose 2*m - 184 = 202. Suppose -5*q = -2*n + 17 - 257, 4*n = -5*q - 420. Let j = m + n. What is the units digit of j?
3
Suppose 0 = 4*b - 5*x - 71205, -56*x = -3*b - 58*x + 53444. What is the hundreds digit of b?
8
What is the ten thousands digit of ((3 + 6)*(-2362)/3)/(67/(-335))?
3
Suppose -5*c + 14 = -2*z, -4*c - c - 3*z + 4 = 0. Suppose c*a - 1 = 5*x + 31, 3*a - 2 = -4*x. Suppose a*f = 4*f + 230. What is the hundreds digit of f?
1
Let z(u) = -u**2 + 18*u - 20. Let o(i) = -i - 3. Let n(q) = 5*o(q) - z(q). What is the units digit of n(-8)?
3
Suppose 0 = k + 2*b - 17682, 5802 = 3*k + b - 47224. What is the ten thousands digit of k?
1
Suppose 6*a - 20*a = -28. Suppose 0 = a*r, -2*u - 4*r = -4*u + 1062. What is the tens digit of u?
3
Suppose -73*l = -3343903 - 493027 - 351299. What is the ten thousands digit of l?
5
What is the hundreds digit of -7 - (-55)/(-44)*(2 - 28022)?
0
Suppose -10*h + 14*h - 4*p - 3904 = 0, 0 = 4*h + 3*p - 3925. Let r = h + -530. What is the hundreds digit of r?
4
Let d(c) = -2. Let x(h) = 61*h + 18. Let n(b) = -3*d(b) - x(b). Let l be n(-3). Let o = l + -122. What is the units digit of o?
9
Suppose 28*x + 2*y + 142277 = 35*x, -5*x - 5*y + 101665 = 0. What is the thousands digit of x?
0
Let o(a) = -11*a**2 - a + 4. Let b(n) = -n**3 - 9*n**2 + 9*n - 15. Let u be b(-10). Let d be o(u). Let v = -154 - d. What is the tens digit of v?
1
Suppose 19*y + 5*w + 19940 = 24*y, 3*y - 11944 = -2*w. What is the hundreds digit of y?
9
Let g = 3747 + -3132. What is the tens digit of g?
1
Let d = 61 + -59. Let i be 573*5/30*d. Suppose 3 = 3*m, 2*o = 5*o + 5*m - i. What is the tens digit of o?
6
Let d(o) = -5*o**2 - 31*o - 1. Let r be d(-6). Suppose -3*b + 4*x - 235 = -6*b, 0 = -r*b - 5*x + 400. What is the units digit of b?
5
Let p = -1096 + 29303. What is the tens digit of p?
0
Let i(w) = -3*w - 17. Let m be i(-5). Let q be m - 4/4 - 2. Let x(z) = -3*z + 9. What is the units digit of x(q)?
4
Suppose 3*t = 5*m - 3*m + 1775, -2*m = -2*t + 1180. Let s = t + -205. What is the hundreds digit of s?
3
Let u = 22 - 9. Let x(b) = -8*b - 29. Let o be x(u). Let i = 190 + o. What is the units digit of i?
7
Let u be (-5)/3*-3 + (3 - 7). Let o be 20/70 - (u + 33/(-7)). Suppose o*z - p - 101 = 260, -p + 440 = 5*z. What is the tens digit of z?
8
Let t = -19 + 22. Suppose 0 = 5*j + t*v - 24, j + 0*v + 3 = 2*v. Suppose j*m - 64 = -3*s + 140, 4*m = 0. What is the tens digit of s?
6
Suppose -4*u = -0*u - 12. Suppose 2*a - u*k + 1539 = 4*a, -5*k - 3023 = -4*a. What is the hundreds digit of a?
7
Suppose 0 = -2*f + 2*o + 52, 2*o = -5*f + 103 + 41. What is the hundreds digit of (-16)/f + -22*(-71)/14?
1
Let k = -23932 + 38082. What is the thousands digit of k?
4
Suppose -120456 = -71*k + 15*k. What is the thousands digit of k?
2
Let k = 2444 + 29478. What is the hundreds digit of k?
9
Suppose 0 = -8*a + 14*a. Suppose -o - 67 + 209 = a. What is the tens digit of o?
4
Let z(i) = 7*i - 29. Let p = 10 - 16. Let b be ((-4)/p)/(7/189). What is the units digit of z(b)?
7
Suppose p = -3*v + 120101, 0 = -2*v + 1644*p - 1643*p + 80064. What is the units digit of v?
3
Let r be (8/3)/((-18)/(-27)). Let k(q) = 2*q**3 - 5*q**2 + 7*q - 11. Let m be k(r). What is the tens digit of (-9)/(-2 - m/(-40))?
2
Suppose -44*b + 54 = -17*b. Suppose -a + 2*a + s = 928, b*a - s = 1847. What is the hundreds digit of a?
9
Suppose -14 = -h + 61. Suppose -5*z + 2*z - h = 0. Let d = z + 43. What is the tens digit of d?
1
Suppose -3*w = -8*w + 25. Suppose 15 = 8*s - w*s. Suppose -20 = -s*x, -2*x = -0*h + h - 64. What is the tens digit of h?
5
Let n(b) = -45*b**2 + 8*b - 5. Let d(l) = -133*l**2 + 23*l - 14. Let w(v) = -4*d(v) + 11*n(v). What is the units digit of w(3)?
2
Let v(m) be the second derivative of -m + 6*m**2 + 1/12*m**4 + 0 + 11/6*m**3. What is the tens digit of v(-12)?
2
What is the units digit of -3 - 0 - (-3074)/954 - (-909968)/18?
4
Let q = -8123 + 13094. What is the tens digit of q?
7
Suppose 1064 = -0*g - 7*g. Let q be ((g/(-10))/(-1))/(2/(-10)). Let w = 146 - q. What is the tens digit of w?
7
Let q(f) be the third derivative of -43*f**4/24 - 41*f**3/6 + 6*f**2 + 7*f. What is the units digit of q(-11)?
2
Let y(w) = 123*w**2 - 260*w + 2036. What is the tens digit of y(9)?
5
Let h(i) = -i**2 + 2*i + 16. Let r be h(-5). Let v(p) = 4*p**2 + 14*p - 4. What is the units digit of v(r)?
4
Suppose x + 1 = -3. What is the tens digit of 3 + 58 - (x - -3)?
6
Suppose 2*l + k - 16 = -8, 5*l - 2*k = 29. Suppose 2*a = 2 + 4, 2*a + 3929 = l*z. What is the tens digit of z?
8
Suppose -2*t + 2*l + 26 = 0, 2*t - 4*t = -l - 23. Suppose 2*o = t, -10*o + 8*o = -4*v + 4942. What is the units digit of v?
8
Let p = -280 + 286. Suppose p*m - 153 = 357. What is the units digit of m?
5
Let y = -231 - -160. Let k = y + 61. What is the units digit of (5 - (-85)/k)*(-68)/7?
4
Suppose -f - 2*f - 4*r - 3247 = 0, 2*f + 4*r = -2162. Let i = -246 - f. What is the hundreds digit of i?
8
Let j = -2203 + 9036. What is the units digit of j?
3
Let t(i) = -4*i**3 + 11*i**2 + 20*i + 20. Let k be t(7). Let w = 1004 + k. What is the tens digit of w?
3
Let u be 4/((2/(-3))/((-8)/12)). Let v(d) = 34*d - 15. Let i(c) = 101*c - 46. Let m(g) = u*i(g) - 11*v(g). What is the units digit of m(4)?
1
Let y be 0 + (-2)/(4/90). Let c be (-235)/y + 33/(-27) + 1. Suppose 84 = -4*z + c*z. What is the units digit of z?
4
Suppose 5*d + 47*m - 52*m - 258575 = 0, -5*d - 2*m + 258519 = 0. What is the hundreds digit of d?
7
Suppose -23*k - 2 = -94. What is the hundreds digit of 9365/25 + -8 + k/10?
3
Let n be (-582)/(-5 + (-77)/(-16)). What is the units digit of n/8 + (-3*2)/3?
6
Let a = 88 - 83. Let g(v) = 18 + 9*v**2 - 11 + a*v + 7*v**2. What is the tens digit of g(-2)?
6
Suppose 113*h + 57940 = 123*h. What is the hundreds digit of h?
7
Suppose -3*x + 893 = -0*x + 5*m, 5*x - 5*m = 1555. Sup